 is the hundreds digit of u?
8
Suppose -2*w - w + 4*r + 2559 = 0, 0 = 5*w - r - 4248. Suppose 0 = -n - 4 + 1, 3*n = 5*g - w. What is the units digit of g?
8
Let l(d) = 1826*d**2 - 10*d - 39. Let g be l(-3). Suppose s + g = 16*s. What is the hundreds digit of s?
0
Suppose 8*a = 2178 - 2. Suppose 5*m = 4*z - 7*z - a, 0 = m - 5*z + 60. Let c = 38 - m. What is the units digit of c?
3
Suppose 11*c + 14*c = 5800. Suppose y + 4*r - 7*r = 228, 0 = -y - r + c. What is the tens digit of y?
3
Let g(q) = -10 + 9*q**2 - 8 + 32*q - 5*q**2 + 28 - 5. What is the tens digit of g(-13)?
6
Suppose 22*l - 16*l - 12 = 0. Suppose -37 = -h + j + 2*j, l*h - 5*j = 72. What is the tens digit of h?
3
Let j be 3/(2 + 1) + -10. Let q = -10 - j. What is the tens digit of 1 - -2 - q*16?
1
Let u = -31 + 34. Suppose 2*y - 2*s = 72, -106 = -u*y + 4*s + s. What is the tens digit of y?
3
Let t(h) = 88*h - 106. Let b = 23 - 17. What is the tens digit of t(b)?
2
Let f = 11 - 15. Let v(o) = -72*o + 36. What is the units digit of v(f)?
4
Let p(b) = 59*b - 1248. What is the thousands digit of p(53)?
1
Suppose 0 = -j - 4*u + 419 + 1675, -2084 = -j - 2*u. What is the hundreds digit of j?
0
Let t(j) = -181*j + 242. What is the tens digit of t(-17)?
1
What is the hundreds digit of 4 + 1980/40*(-4)/7*-168?
7
Let o(r) = 3*r**2 - 54*r + 842. What is the ten thousands digit of o(-71)?
1
Let l = 22487 - 4738. What is the tens digit of l?
4
Suppose 20 = 5*p + 5. Suppose -345 = -3*r + 3*a, 3*r = 2*a + 149 + 197. Suppose -p*f + f = -r. What is the tens digit of f?
5
Let l be (14/21)/(1/24). Suppose -l*y - 2610 = -25*y. What is the units digit of y?
0
Suppose 59746 = 10*n - 5*t - 143134, 0 = 3*n + 5*t - 60838. What is the hundreds digit of n?
2
Let j = 48619 - 29001. What is the tens digit of j?
1
Let y(c) = 5*c**2 - 9*c + 1102. What is the thousands digit of y(112)?
2
Suppose -152492 + 37546 = -26*b. What is the hundreds digit of b?
4
Suppose f = 2*k - 2*f - 71, 157 = 4*k - f. Suppose 0 = -2*b + k - 12. Suppose -b = -6*y + 4*y. What is the units digit of y?
7
Let f = 249 + -244. Suppose -f*c = 9*c - 98. What is the units digit of c?
7
Suppose -7*x = -2*x + 125. Let d = x - -15. What is the units digit of 4/d + 984/10?
8
Let a be 3*(-9)/(-27) + (-1 - -785). Let w = a + 508. What is the hundreds digit of w?
2
Let x be 6 - (-12 + 6)/(-3). Suppose a - 217 = -5*p - 4, -x*p - 4*a + 164 = 0. What is the tens digit of p?
4
Let n(o) = 2*o - 48. Let a be n(28). What is the hundreds digit of 8/(-6) + a/(-18)*-525?
2
Let l(f) = -4181*f - 26. Let w(u) = -1393*u - 9. Let q(g) = -4*l(g) + 11*w(g). What is the tens digit of q(1)?
0
Let o(z) = 4*z**2 + 5*z + 11. Let l(s) = s**2 + 6*s - 14. Let a be l(-11). Let i = -46 + a. What is the units digit of o(i)?
6
Suppose 0 = 37*j - 32*j - 650. Suppose 4*x + j + 258 = 2*y, 4*x = 4*y - 784. What is the hundreds digit of y?
1
What is the hundreds digit of 8396/(-5)*(-65)/78*15?
9
Let p = 61 + -72. Let t(a) = -25*a + 86. What is the tens digit of t(p)?
6
Suppose -7*c + 18523 = -2*v, c + 2*v - 4*v - 2653 = 0. What is the thousands digit of c?
2
Let n = 2625 - 2017. What is the hundreds digit of n?
6
Let i(j) = -2*j + 24. Let x be i(10). Suppose -12 = -0*l - x*l. What is the tens digit of (8 - l - 178)/(-1)?
7
Let h = -586 + 592. Suppose -h*q = 9*q - 27615. What is the thousands digit of q?
1
Suppose -3*i - 5*j + 5 = 0, -4*i - 9 = -7*i - 3*j. Suppose 12*o - b + 2328 = 14*o, 0 = -3*o - i*b + 3499. What is the units digit of o?
3
Suppose 0 = 20*q - 6*q + 28. Let f be ((-1606)/12 - (-26)/(-39))*q. Suppose -k = 5*d - 151, -3*d + 958 - f = 4*k. What is the tens digit of k?
7
Suppose -3*b = s + 15599, 0 = -2*s + 4*b - 4748 - 26450. What is the hundreds digit of -2 - 12/(-7) - s/133?
1
Suppose -4*d = -3*p + 5*p - 474, 3*p - 701 = -4*d. Suppose -218*h - 9000 = -p*h. What is the tens digit of h?
0
Let b(m) = 4*m**2 - m + 6. Let q(y) = 7*y**2 - 3*y + 13. Let i(t) = 5*b(t) - 2*q(t). Let a be i(3). Suppose -2*c + 61 + a = 0. What is the units digit of c?
1
Suppose -6*a + 44 = -274. Let f = 66 - a. Suppose f*b + 105 = 18*b. What is the tens digit of b?
2
What is the tens digit of (-30850)/4*162/(-135)?
5
Let a(v) = 2773*v + 30. Let w be a(3). Suppose -22*s + w = -17127. What is the units digit of s?
8
Let r(s) = -s + 1. Let o(l) = 10*l - 10. Let d(m) = 4*o(m) + 35*r(m). Let q be d(-11). What is the tens digit of (-782)/(-8) - (-45)/q?
9
Suppose -21*a + 18 = -18*a. What is the hundreds digit of 4 - 2*(a - 518)?
0
Let o be 2062*(-8 + (-119)/(-14)). Suppose -t = -5*m + 1288, 4*m + t + o = 8*m. What is the tens digit of m?
5
Let x be (3378/(-8))/(144/384). Let o = 2366 + x. What is the tens digit of o?
4
Suppose 0 = -3*b - 3*b + 30. Suppose 4*v + 8 = f - 4, 2*f - b*v = 15. Suppose f = -3*q - 5*t + 274, 0 = -2*t - 2*t - 4. What is the tens digit of q?
9
Suppose 0 = -16*h + 23*h - 32382. Suppose -52*o + 43*o + h = 0. What is the units digit of o?
4
Let f be (3 + 2)*(513/15 - 1). Let g be ((-28)/(-35))/((-4)/370). Let t = f + g. What is the units digit of t?
2
Suppose 17*x = 22*x + 3*r - 13480, -2679 = -x - 4*r. What is the thousands digit of x?
2
Let l(m) be the second derivative of 2*m**4/3 + 3*m**3/2 - 55*m**2/2 + 7*m - 11. What is the hundreds digit of l(-11)?
8
Suppose -9*t - 3*t = -204. Suppose 5*p = c + t, 2*c + 3*p = -2*c - 68. Let w = c + 138. What is the tens digit of w?
2
Suppose 3*h = -2*s + 57432, 9*s - 4*s = -4*h + 143587. What is the units digit of s?
9
Let d(r) = 2313*r - 46. Let i be d(6). Suppose i = 38*y - 9120. What is the tens digit of y?
0
Let c = 1804 - 1014. Suppose -2*s + 6 = -c. What is the hundreds digit of s?
3
Let h(u) = -65*u - 206. Let y = 38 + -50. What is the units digit of h(y)?
4
Suppose 4*w + 12 = -4*i, w + 2*i = 4*i - 15. Let g = -11 - w. What is the units digit of (0 - -5) + 112 + g/2?
5
Suppose 0 = 4*f - 20924 + 3924. What is the hundreds digit of f?
2
Let y = 309 - 301. What is the tens digit of -13 + 16 + 0 - y*-52?
1
Let m(p) = 2639*p**2 + 54*p + 56. What is the units digit of m(-5)?
1
What is the thousands digit of (2/(-5))/(290/(-11701500))?
6
What is the hundreds digit of (-11 - -3) + 8617 - 6/1?
6
Let y(u) = u + 17. Let i(t) = -6*t + 53. Let b be i(11). Let s be y(b). Suppose -s*p = -0 + 8, -260 = -h - p. What is the units digit of h?
2
Let t = 435 + -427. Suppose 9*h - 994 = t*h. What is the hundreds digit of h?
9
Suppose 25 = 10*t - 5. Suppose -l = -6*l + 390. Suppose 0 = -9*f + t*f + l. What is the tens digit of f?
1
Let p(l) = 38*l + 45 - 94*l - 2 + 26. What is the units digit of p(-8)?
7
Let h = 74 + -61. Suppose 15*k - h*k = 806. Suppose -8*y + 605 + k = 0. What is the tens digit of y?
2
Suppose 0 = 29*b - 58. Suppose 8 = -4*l, -b*j - l - 1128 = -4*j. What is the tens digit of j?
6
Let a = -450 - -921. Suppose 0 = 8*l - 1097 - a. What is the units digit of l?
6
Let q(j) be the second derivative of 14*j**3/3 - 9*j**2 + 13*j. Let m be q(-5). What is the tens digit of ((-3)/(-6))/((-1)/m)?
7
Let x = 174 - 170. Suppose -2*c = -0*c - x*w - 284, 470 = 3*c + 5*w. What is the tens digit of c?
5
Suppose -10528*n = -10548*n + 581780. What is the thousands digit of n?
9
Suppose 389*h - 7376495 = -100*h + 70*h. What is the ten thousands digit of h?
1
Let l(h) = -5*h + 12. Let u be l(-3). Let f = u - 27. Suppose g + 0*g - 95 = f. What is the tens digit of g?
9
Suppose 0 = -20*t - 149 - 51. Let l(r) = -r**3 - 8*r**2 - 31*r + 20. What is the units digit of l(t)?
0
Suppose -2*s = -5*v - 7*s + 11215, -2231 = -v - 4*s. Let t = v - 947. What is the thousands digit of t?
1
Suppose -66*g + 68*g = 54. What is the units digit of (32 + -5)*g + 1/(-1)?
8
Suppose -h - 6*h + 182 = 0. Suppose h*j + 500 = 30*j. Let x = 183 - j. What is the units digit of x?
8
Let z(s) = s**2 + 7*s - 3. Let u be z(-7). Let n = 128 + -127. What is the tens digit of 64 - 1 - (n - u)?
5
Let j = -1098 + 2039. Suppose 0 = -6*g + j + 1759. Suppose o - 4*o = 2*w - 289, -o - g = -3*w. What is the hundreds digit of w?
1
Let z = -72 - -241. Let w = -43 + z. Suppose 3*k - k = w. What is the units digit of k?
3
Suppose 2*k - 3*v + 402 = 0, k - v - 211 = 2*k. Let f = k - -523. What is the hundreds digit of f?
3
Suppose -43*u + 7237 + 4631 = 0. What is the tens digit of u?
7
Suppose -75104 = 31*d -